{"id":552,"date":"2013-04-29T14:28:31","date_gmt":"2013-04-29T12:28:31","guid":{"rendered":""},"modified":"2025-04-14T11:06:51","modified_gmt":"2025-04-14T09:06:51","slug":"impressum","status":"publish","type":"page","link":"https:\/\/www.e-recht24.de\/mitglieder\/impressum\/","title":{"rendered":"Impressum"},"content":{"rendered":"<div class=\"wpb-content-wrapper\"><div class=\"vc_row wpb_row vc_row-fluid\"><div class=\"wpb_column vc_column_container vc_col-sm-6\"><div class=\"vc_column-inner\"><div class=\"wpb_wrapper\">\n\t<div class=\"wpb_text_column wpb_content_element\" >\n\t\t<div class=\"wpb_wrapper\">\n\t\t\t<p><strong>eRecht24 Gmbh &amp; Co. KG<\/strong><\/p>\n<p>Lietzenburger Str. 93-95<br \/>\n10719 Berlin<\/p>\n<p>Handelsregister: HRA 54365 B<br \/>\nAmtsgericht Charlottenburg<br \/>\nUST-ID: DE242329852<\/p>\n<p>Vertreten durch die pers\u00f6nlich haftende Gesellschafterin<br \/>\neRecht24 Beteiligungs GmbH<br \/>\nLietzenburger Str. 93-95<br \/>\n10719 Berlin<\/p>\n<p>Handelsregister: HRB 192346B<br \/>\nAmtsgericht Charlottenburg<\/p>\n<p>Gesch\u00e4ftsf\u00fchrer: Sascha Schmoll<\/p>\n\n\t\t<\/div>\n\t<\/div>\n<\/div><\/div><\/div><div class=\"wpb_column vc_column_container vc_col-sm-6\"><div class=\"vc_column-inner\"><div class=\"wpb_wrapper\">\n\t<div class=\"wpb_text_column wpb_content_element\" >\n\t\t<div class=\"wpb_wrapper\">\n\t\t\t<p><strong>Kontakt: <\/strong><\/p>\n<p>E-Mail: mail@e-recht24.de<\/p>\n<p>Telefon: 030 12088634<br \/>\nTelefax: 030 120886341<\/p>\n<p><strong>Inhaltlich verantwortlich:<br \/>\n<\/strong><\/p>\n<p>Rechtsanwalt S\u00f6ren Siebert, siebert@e-recht24.de<\/p>\n\n\t\t<\/div>\n\t<\/div>\n<\/div><\/div><\/div><\/div><div class=\"vc_row wpb_row vc_row-fluid\"><div class=\"wpb_column vc_column_container vc_col-sm-6\"><div class=\"vc_column-inner\"><div class=\"wpb_wrapper\">\n\t<div class=\"wpb_text_column wpb_content_element\" >\n\t\t<div class=\"wpb_wrapper\">\n\t\t\t<p><strong>Haftung f\u00fcr Inhalte<\/strong><\/p>\n<p>Die Informationen auf dieser Seite sind allgemeiner und informativer Art. Sie dienen der allgemeinen Bildung und Weiterbildung. Die Inhalte und Beitr\u00e4ge stellen &#8211; abgesehen vom Erstberatungsbereich &#8211; keine Rechtsberatung dar und k\u00f6nnen nicht der Beratung in Bezug auf tats\u00e4chliche Rechtstreitigkeiten dienen. Sie sollten nicht versuchen, einen realen Fall aufgrund der Informationen dieser Seiten rechtlich zu l\u00f6sen. Lassen Sie sich bei realen Rechtsstreitigkeiten und Sachverhalten stets von einem spezialisierten Rechtsanwalt beraten.<\/p>\n<p><strong>Erstberatung<\/strong><\/p>\n<p>Die Erstberatung wird durch die Anw\u00e4lte der Kanzlei Siebert Lexow erbracht. Die Kosten daf\u00fcr werden von der eRecht24 Gmbh &amp; Co. KG getragen.<\/p>\n\n\t\t<\/div>\n\t<\/div>\n<\/div><\/div><\/div><div class=\"wpb_column vc_column_container vc_col-sm-6\"><div class=\"vc_column-inner\"><div class=\"wpb_wrapper\">\n\t<div class=\"wpb_text_column wpb_content_element\" >\n\t\t<div class=\"wpb_wrapper\">\n\t\t\t<p><strong>Urheberrecht\/ Verwertungsrechte<\/strong><\/p>\n<p>Die Ver\u00f6ffentlichungen auf diesen Seiten unterliegen dem deutschen Urheberrecht. Beitr\u00e4ge Dritter sind als solche gekennzeichnet. Vervielf\u00e4ltigung, Bearbeitung und jede Art der Verwertung au\u00dferhalb der Grenzen des Urheberrechtes bed\u00fcrfen der Zustimmung von Rechtsanwalt S\u00f6ren Siebert oder des jeweiligen Verfassers. Downloads und Kopien dieser Seiten sind nur f\u00fcr den privaten, nicht kommerziellen Gebrauch gestattet.<\/p>\n<p>Sollten Sie Inhalte unserer Seiten oder Teile davon \u00fcbernehmen wollen, setzen Sie sich bitte mit uns in Verbindung.<\/p>\n\n\t\t<\/div>\n\t<\/div>\n<\/div><\/div><\/div><\/div>\n<\/div>","protected":false},"excerpt":{"rendered":"eRecht24 Gmbh &amp; Co. KG Lietzenburger Str. 93-95 10719 Berlin Handelsregister: HRA 54365 B Amtsgericht Charlottenburg UST-ID: DE242329852 Vertreten durch die pers\u00f6nlich haftende Gesellschafterin eRecht24 Beteiligungs GmbH Lietzenburger Str. 93-95 10719 Berlin Handelsregister: HRB 192346B Amtsgericht Charlottenburg Gesch\u00e4ftsf\u00fchrer: Sascha Schmoll Kontakt: E-Mail: mail@e-recht24.de Telefon: 030 12088634 Telefax: 030 120886341 Inhaltlich verantwortlich: Rechtsanwalt S\u00f6ren Siebert, siebert@e-recht24.de [...]","protected":false},"author":1,"featured_media":0,"parent":0,"menu_order":0,"comment_status":"closed","ping_status":"closed","template":"","meta":{"_searchwp_excluded":"","footnotes":""},"class_list":["post-552","page","type-page","status-publish","hentry"],"yoast_head":"<!-- This site is optimized with the Yoast SEO plugin v27.3 - https:\/\/yoast.com\/product\/yoast-seo-wordpress\/ -->\n<title>Impressum<\/title>\n<meta name=\"robots\" content=\"noindex, follow\" \/>\n<meta property=\"og:locale\" content=\"de_DE\" \/>\n<meta property=\"og:type\" content=\"article\" \/>\n<meta property=\"og:title\" content=\"Impressum\" \/>\n<meta property=\"og:url\" content=\"https:\/\/www.e-recht24.de\/mitglieder\/impressum\/\" \/>\n<meta property=\"og:site_name\" content=\"eRecht24 Premium\" \/>\n<meta property=\"article:modified_time\" content=\"2025-04-14T09:06:51+00:00\" \/>\n<meta name=\"twitter:label1\" content=\"Gesch\u00e4tzte Lesezeit\" \/>\n\t<meta name=\"twitter:data1\" content=\"2\u00a0Minuten\" \/>\n<script type=\"application\/ld+json\" class=\"yoast-schema-graph\">{\"@context\":\"https:\\\/\\\/schema.org\",\"@graph\":[{\"@type\":\"WebPage\",\"@id\":\"https:\\\/\\\/www.e-recht24.de\\\/mitglieder\\\/impressum\\\/\",\"url\":\"https:\\\/\\\/www.e-recht24.de\\\/mitglieder\\\/impressum\\\/\",\"name\":\"Impressum\",\"isPartOf\":{\"@id\":\"https:\\\/\\\/www.e-recht24.de\\\/mitglieder\\\/#website\"},\"datePublished\":\"2013-04-29T12:28:31+00:00\",\"dateModified\":\"2025-04-14T09:06:51+00:00\",\"inLanguage\":\"de\",\"potentialAction\":[{\"@type\":\"ReadAction\",\"target\":[\"https:\\\/\\\/www.e-recht24.de\\\/mitglieder\\\/impressum\\\/\"]}]},{\"@type\":\"WebSite\",\"@id\":\"https:\\\/\\\/www.e-recht24.de\\\/mitglieder\\\/#website\",\"url\":\"https:\\\/\\\/www.e-recht24.de\\\/mitglieder\\\/\",\"name\":\"eRecht24 Premium\",\"description\":\"Spezielle Werkzeuge und Services zum Internetrecht\",\"potentialAction\":[{\"@type\":\"SearchAction\",\"target\":{\"@type\":\"EntryPoint\",\"urlTemplate\":\"https:\\\/\\\/www.e-recht24.de\\\/mitglieder\\\/?s={search_term_string}\"},\"query-input\":{\"@type\":\"PropertyValueSpecification\",\"valueRequired\":true,\"valueName\":\"search_term_string\"}}],\"inLanguage\":\"de\"}]}<\/script>\n<!-- \/ Yoast SEO plugin. -->","yoast_head_json":{"title":"Impressum","robots":{"index":"noindex","follow":"follow"},"og_locale":"de_DE","og_type":"article","og_title":"Impressum","og_url":"https:\/\/www.e-recht24.de\/mitglieder\/impressum\/","og_site_name":"eRecht24 Premium","article_modified_time":"2025-04-14T09:06:51+00:00","twitter_misc":{"Gesch\u00e4tzte Lesezeit":"2\u00a0Minuten"},"schema":{"@context":"https:\/\/schema.org","@graph":[{"@type":"WebPage","@id":"https:\/\/www.e-recht24.de\/mitglieder\/impressum\/","url":"https:\/\/www.e-recht24.de\/mitglieder\/impressum\/","name":"Impressum","isPartOf":{"@id":"https:\/\/www.e-recht24.de\/mitglieder\/#website"},"datePublished":"2013-04-29T12:28:31+00:00","dateModified":"2025-04-14T09:06:51+00:00","inLanguage":"de","potentialAction":[{"@type":"ReadAction","target":["https:\/\/www.e-recht24.de\/mitglieder\/impressum\/"]}]},{"@type":"WebSite","@id":"https:\/\/www.e-recht24.de\/mitglieder\/#website","url":"https:\/\/www.e-recht24.de\/mitglieder\/","name":"eRecht24 Premium","description":"Spezielle Werkzeuge und Services zum Internetrecht","potentialAction":[{"@type":"SearchAction","target":{"@type":"EntryPoint","urlTemplate":"https:\/\/www.e-recht24.de\/mitglieder\/?s={search_term_string}"},"query-input":{"@type":"PropertyValueSpecification","valueRequired":true,"valueName":"search_term_string"}}],"inLanguage":"de"}]}},"_links":{"self":[{"href":"https:\/\/www.e-recht24.de\/mitglieder\/wp-json\/wp\/v2\/pages\/552","targetHints":{"allow":["GET"]}}],"collection":[{"href":"https:\/\/www.e-recht24.de\/mitglieder\/wp-json\/wp\/v2\/pages"}],"about":[{"href":"https:\/\/www.e-recht24.de\/mitglieder\/wp-json\/wp\/v2\/types\/page"}],"author":[{"embeddable":true,"href":"https:\/\/www.e-recht24.de\/mitglieder\/wp-json\/wp\/v2\/users\/1"}],"replies":[{"embeddable":true,"href":"https:\/\/www.e-recht24.de\/mitglieder\/wp-json\/wp\/v2\/comments?post=552"}],"version-history":[{"count":21,"href":"https:\/\/www.e-recht24.de\/mitglieder\/wp-json\/wp\/v2\/pages\/552\/revisions"}],"predecessor-version":[{"id":140483,"href":"https:\/\/www.e-recht24.de\/mitglieder\/wp-json\/wp\/v2\/pages\/552\/revisions\/140483"}],"wp:attachment":[{"href":"https:\/\/www.e-recht24.de\/mitglieder\/wp-json\/wp\/v2\/media?parent=552"}],"curies":[{"name":"wp","href":"https:\/\/api.w.org\/{rel}","templated":true}]}}